{"id":37,"date":"2023-12-29T09:34:39","date_gmt":"2023-12-29T12:34:39","guid":{"rendered":"https:\/\/www.ccba.org.br\/agriculturaurbana\/?page_id=37"},"modified":"2024-10-18T14:00:14","modified_gmt":"2024-10-18T17:00:14","slug":"inicio","status":"publish","type":"page","link":"https:\/\/www.ccba.org.br\/agriculturaurbana\/","title":{"rendered":"Agricultura Urbana"},"content":{"rendered":"\n<figure class=\"wp-block-embed is-type-video is-provider-youtube wp-block-embed-youtube wp-embed-aspect-16-9 wp-has-aspect-ratio\"><div class=\"wp-block-embed__wrapper\">\n<iframe loading=\"lazy\" title=\"Agricultura Urbana na Regi\u00e3o Metropolitana do Recife - KULTURFORUM CCBA\" width=\"700\" height=\"394\" src=\"https:\/\/www.youtube.com\/embed\/DVubFbK0N0I?feature=oembed\" frameborder=\"0\" allow=\"accelerometer; autoplay; clipboard-write; encrypted-media; gyroscope; picture-in-picture; web-share\" referrerpolicy=\"strict-origin-when-cross-origin\" allowfullscreen><\/iframe>\n<\/div><\/figure>\n\n\n\n<div class=\"wp-block-buttons is-content-justification-center is-layout-flex wp-container-core-buttons-is-layout-16018d1d wp-block-buttons-is-layout-flex\">\n<div class=\"wp-block-button has-custom-font-size has-larger-font-size\"><a class=\"wp-block-button__link has-white-color has-accent-background-color has-text-color has-background has-link-color has-text-align-center wp-element-button\" href=\"https:\/\/www.ccba.org.br\/kulturforum-agroecologia-e-agricultura-urbana\/\" style=\"border-radius:100px\" target=\"_blank\" rel=\"noreferrer noopener\"><strong>SAIBA MAIS<\/strong><\/a><\/div>\n<\/div>\n\n\n\n<p>Diante do estado de crise clim\u00e1tica global, da polui\u00e7\u00e3o, da perda de biodiversidade e da inseguran\u00e7a e precariedade alimentar, o CCBA \u2013 Centro Cultural Brasil \u2013 Alemanha percebe a necessidade de identificar e apoiar experi\u00eancias ecol\u00f3gicas e solid\u00e1rias de agricultura urbana focadas na melhoria da qualidade de vida das fam\u00edlias mais pobres e no desenvolvimento sustent\u00e1vel da Regi\u00e3o Metropolitana do Recife.<\/p>\n\n\n\n<p>A partir de 2024, a agricultura urbana ser\u00e1 um dos principais eixos de a\u00e7\u00e3o do CCBA que, para isso, buscar\u00e1 a participa\u00e7\u00e3o de diversos atores nas comunidades, na sociedade civil e no Poder P\u00fablico.<\/p>\n\n\n\n<div class=\"wp-block-columns is-layout-flex wp-container-core-columns-is-layout-9d6595d7 wp-block-columns-is-layout-flex\">\n<div class=\"wp-block-column is-layout-flow wp-block-column-is-layout-flow\">\n<div class=\"wp-block-cover has-custom-content-position is-position-bottom-center wp-elements-7d98ab019a5548fa38e6dc8d0729cc13 wp-duotone-unset-1\" id=\"https:\/\/www.ccba.org.br\/agriculturaurbana\/2023\/12\/28\/sementeiraesperanca\/\"><span aria-hidden=\"true\" class=\"wp-block-cover__background has-background-dim-90 has-background-dim wp-block-cover__gradient-background has-background-gradient\" style=\"background:linear-gradient(135deg,rgb(108,250,0) 0%,rgb(24,63,32) 39%)\"><\/span><img loading=\"lazy\" decoding=\"async\" width=\"1920\" height=\"1280\" class=\"wp-block-cover__image-background wp-image-17\" alt=\"\" src=\"https:\/\/www.ccba.org.br\/agriculturaurbana\/wp-content\/uploads\/2023\/12\/01_Sementeira-Esperanca_IMG_4932.jpg\" style=\"object-position:46% 52%\" data-object-fit=\"cover\" data-object-position=\"46% 52%\" srcset=\"https:\/\/www.ccba.org.br\/agriculturaurbana\/wp-content\/uploads\/2023\/12\/01_Sementeira-Esperanca_IMG_4932.jpg 1920w, https:\/\/www.ccba.org.br\/agriculturaurbana\/wp-content\/uploads\/2023\/12\/01_Sementeira-Esperanca_IMG_4932-300x200.jpg 300w, https:\/\/www.ccba.org.br\/agriculturaurbana\/wp-content\/uploads\/2023\/12\/01_Sementeira-Esperanca_IMG_4932-1024x683.jpg 1024w, https:\/\/www.ccba.org.br\/agriculturaurbana\/wp-content\/uploads\/2023\/12\/01_Sementeira-Esperanca_IMG_4932-768x512.jpg 768w, https:\/\/www.ccba.org.br\/agriculturaurbana\/wp-content\/uploads\/2023\/12\/01_Sementeira-Esperanca_IMG_4932-1536x1024.jpg 1536w, https:\/\/www.ccba.org.br\/agriculturaurbana\/wp-content\/uploads\/2023\/12\/01_Sementeira-Esperanca_IMG_4932-1140x760.jpg 1140w\" sizes=\"auto, (max-width: 1920px) 100vw, 1920px\" \/><div class=\"wp-block-cover__inner-container is-layout-constrained wp-block-cover-is-layout-constrained\">\n<figure class=\"wp-block-image size-full is-style-default\"><a href=\"https:\/\/www.ccba.org.br\/agriculturaurbana\/2023\/12\/28\/sementeiraesperanca\/\"><img loading=\"lazy\" decoding=\"async\" width=\"1920\" height=\"1280\" src=\"https:\/\/www.ccba.org.br\/agriculturaurbana\/wp-content\/uploads\/2023\/12\/01_Sementeira-Esperanca_IMG_4932.jpg\" alt=\"\" class=\"wp-image-17\" style=\"aspect-ratio:1;object-fit:cover\" srcset=\"https:\/\/www.ccba.org.br\/agriculturaurbana\/wp-content\/uploads\/2023\/12\/01_Sementeira-Esperanca_IMG_4932.jpg 1920w, https:\/\/www.ccba.org.br\/agriculturaurbana\/wp-content\/uploads\/2023\/12\/01_Sementeira-Esperanca_IMG_4932-300x200.jpg 300w, https:\/\/www.ccba.org.br\/agriculturaurbana\/wp-content\/uploads\/2023\/12\/01_Sementeira-Esperanca_IMG_4932-1024x683.jpg 1024w, https:\/\/www.ccba.org.br\/agriculturaurbana\/wp-content\/uploads\/2023\/12\/01_Sementeira-Esperanca_IMG_4932-768x512.jpg 768w, https:\/\/www.ccba.org.br\/agriculturaurbana\/wp-content\/uploads\/2023\/12\/01_Sementeira-Esperanca_IMG_4932-1536x1024.jpg 1536w, https:\/\/www.ccba.org.br\/agriculturaurbana\/wp-content\/uploads\/2023\/12\/01_Sementeira-Esperanca_IMG_4932-1140x760.jpg 1140w\" sizes=\"auto, (max-width: 1920px) 100vw, 1920px\" \/><\/a><\/figure>\n\n\n\n<h3 class=\"wp-block-heading has-text-align-center has-text-color has-link-color has-large-font-size wp-elements-1017fd0a03c6f4d89d7139dd50ededd7\" style=\"color:#4dff77\"><a href=\"https:\/\/www.ccba.org.br\/agriculturaurbana\/2023\/12\/28\/sementeiraesperanca\/\" data-type=\"link\" data-id=\"https:\/\/www.ccba.org.br\/agriculturaurbana\/2023\/12\/30\/cesam-centro-de-saude-alternativa-de-muribeca-jaboatao-dos-guararapes\/\"><em>SEMENTEIRA ESPERAN\u00c7A \u2013 COMUNIDADE XV DE NOVEMBRO<\/em><\/a><\/h3>\n\n\n\n<p class=\"has-text-align-center has-small-font-size\"><em>PAULISTA<\/em><\/p>\n<\/div><\/div>\n\n\n\n<div class=\"wp-block-cover has-custom-content-position is-position-bottom-center\" style=\"min-height:430px;aspect-ratio:unset;\"><span aria-hidden=\"true\" class=\"wp-block-cover__background has-background-dim-90 has-background-dim wp-block-cover__gradient-background has-background-gradient\" style=\"background:linear-gradient(135deg,rgb(108,250,0) 0%,rgb(24,63,32) 49%)\"><\/span><img loading=\"lazy\" decoding=\"async\" width=\"1440\" height=\"960\" class=\"wp-block-cover__image-background wp-image-71\" alt=\"\" src=\"https:\/\/www.ccba.org.br\/agriculturaurbana\/wp-content\/uploads\/2023\/12\/cropped-04_CESAM_Giselda-Alves-da-Silva-integrante-do-CESAM-Centro-de-Saude-Alternativa-de-Muribeca.jpg\" style=\"object-position:47% 52%\" data-object-fit=\"cover\" data-object-position=\"47% 52%\" srcset=\"https:\/\/www.ccba.org.br\/agriculturaurbana\/wp-content\/uploads\/2023\/12\/cropped-04_CESAM_Giselda-Alves-da-Silva-integrante-do-CESAM-Centro-de-Saude-Alternativa-de-Muribeca.jpg 1440w, https:\/\/www.ccba.org.br\/agriculturaurbana\/wp-content\/uploads\/2023\/12\/cropped-04_CESAM_Giselda-Alves-da-Silva-integrante-do-CESAM-Centro-de-Saude-Alternativa-de-Muribeca-300x200.jpg 300w, https:\/\/www.ccba.org.br\/agriculturaurbana\/wp-content\/uploads\/2023\/12\/cropped-04_CESAM_Giselda-Alves-da-Silva-integrante-do-CESAM-Centro-de-Saude-Alternativa-de-Muribeca-1024x683.jpg 1024w, https:\/\/www.ccba.org.br\/agriculturaurbana\/wp-content\/uploads\/2023\/12\/cropped-04_CESAM_Giselda-Alves-da-Silva-integrante-do-CESAM-Centro-de-Saude-Alternativa-de-Muribeca-768x512.jpg 768w, https:\/\/www.ccba.org.br\/agriculturaurbana\/wp-content\/uploads\/2023\/12\/cropped-04_CESAM_Giselda-Alves-da-Silva-integrante-do-CESAM-Centro-de-Saude-Alternativa-de-Muribeca-1140x760.jpg 1140w\" sizes=\"auto, (max-width: 1440px) 100vw, 1440px\" \/><div class=\"wp-block-cover__inner-container is-layout-constrained wp-block-cover-is-layout-constrained\">\n<figure class=\"wp-block-image size-large\"><a href=\"https:\/\/www.ccba.org.br\/agriculturaurbana\/2023\/12\/30\/cesam-centro-de-saude-alternativa-de-muribeca-jaboatao-dos-guararapes\/\"><img loading=\"lazy\" decoding=\"async\" width=\"1024\" height=\"683\" src=\"https:\/\/www.ccba.org.br\/agriculturaurbana\/wp-content\/uploads\/2023\/12\/04_CESAM_Giselda-Alves-da-Silva-integrante-do-CESAM-Centro-de-Saude-Alternativa-de-Muribeca-1024x683.jpg\" alt=\"\" class=\"wp-image-59\" style=\"aspect-ratio:1;object-fit:cover\" srcset=\"https:\/\/www.ccba.org.br\/agriculturaurbana\/wp-content\/uploads\/2023\/12\/04_CESAM_Giselda-Alves-da-Silva-integrante-do-CESAM-Centro-de-Saude-Alternativa-de-Muribeca-1024x683.jpg 1024w, https:\/\/www.ccba.org.br\/agriculturaurbana\/wp-content\/uploads\/2023\/12\/04_CESAM_Giselda-Alves-da-Silva-integrante-do-CESAM-Centro-de-Saude-Alternativa-de-Muribeca-300x200.jpg 300w, https:\/\/www.ccba.org.br\/agriculturaurbana\/wp-content\/uploads\/2023\/12\/04_CESAM_Giselda-Alves-da-Silva-integrante-do-CESAM-Centro-de-Saude-Alternativa-de-Muribeca-768x512.jpg 768w, https:\/\/www.ccba.org.br\/agriculturaurbana\/wp-content\/uploads\/2023\/12\/04_CESAM_Giselda-Alves-da-Silva-integrante-do-CESAM-Centro-de-Saude-Alternativa-de-Muribeca-1536x1024.jpg 1536w, https:\/\/www.ccba.org.br\/agriculturaurbana\/wp-content\/uploads\/2023\/12\/04_CESAM_Giselda-Alves-da-Silva-integrante-do-CESAM-Centro-de-Saude-Alternativa-de-Muribeca-1140x760.jpg 1140w, https:\/\/www.ccba.org.br\/agriculturaurbana\/wp-content\/uploads\/2023\/12\/04_CESAM_Giselda-Alves-da-Silva-integrante-do-CESAM-Centro-de-Saude-Alternativa-de-Muribeca.jpg 1920w\" sizes=\"auto, (max-width: 1024px) 100vw, 1024px\" \/><\/a><\/figure>\n\n\n\n<h3 class=\"wp-block-heading has-text-align-center has-text-color has-link-color has-large-font-size wp-elements-f802c48b775d23851fef0facc27af3dd\" style=\"color:#4dff77\"><a href=\"https:\/\/www.ccba.org.br\/agriculturaurbana\/2023\/12\/30\/cesam-centro-de-saude-alternativa-de-muribeca-jaboatao-dos-guararapes\/\" data-type=\"link\" data-id=\"https:\/\/www.ccba.org.br\/agriculturaurbana\/2023\/12\/30\/cesam-centro-de-saude-alternativa-de-muribeca-jaboatao-dos-guararapes\/\"><em>CESAM (CENTRO DE SA\u00daDE ALTERNATIVA DE MURIBECA)<\/em><\/a><\/h3>\n\n\n\n<p class=\"has-text-align-center has-small-font-size\"><em>JABOAT\u00c3O DOS GUARARAPES<\/em><\/p>\n<\/div><\/div>\n<\/div>\n\n\n\n<div class=\"wp-block-column is-layout-flow wp-block-column-is-layout-flow\">\n<div class=\"wp-block-cover has-custom-content-position is-position-bottom-center\"><span aria-hidden=\"true\" class=\"wp-block-cover__background has-background-dim-90 has-background-dim wp-block-cover__gradient-background has-background-gradient\" style=\"background:linear-gradient(135deg,rgb(108,250,0) 0%,rgb(24,63,32) 46%)\"><\/span><img loading=\"lazy\" decoding=\"async\" width=\"1920\" height=\"1280\" class=\"wp-block-cover__image-background wp-image-30\" alt=\"\" src=\"https:\/\/www.ccba.org.br\/agriculturaurbana\/wp-content\/uploads\/2023\/12\/02_QUINTAIS-PRODUTIVOS_Salete-Amorim-moradora-do-Alto-Jose-do-Pinho-em-Recife.jpg\" style=\"object-position:82% 57%\" data-object-fit=\"cover\" data-object-position=\"82% 57%\" srcset=\"https:\/\/www.ccba.org.br\/agriculturaurbana\/wp-content\/uploads\/2023\/12\/02_QUINTAIS-PRODUTIVOS_Salete-Amorim-moradora-do-Alto-Jose-do-Pinho-em-Recife.jpg 1920w, https:\/\/www.ccba.org.br\/agriculturaurbana\/wp-content\/uploads\/2023\/12\/02_QUINTAIS-PRODUTIVOS_Salete-Amorim-moradora-do-Alto-Jose-do-Pinho-em-Recife-300x200.jpg 300w, https:\/\/www.ccba.org.br\/agriculturaurbana\/wp-content\/uploads\/2023\/12\/02_QUINTAIS-PRODUTIVOS_Salete-Amorim-moradora-do-Alto-Jose-do-Pinho-em-Recife-1024x683.jpg 1024w, https:\/\/www.ccba.org.br\/agriculturaurbana\/wp-content\/uploads\/2023\/12\/02_QUINTAIS-PRODUTIVOS_Salete-Amorim-moradora-do-Alto-Jose-do-Pinho-em-Recife-768x512.jpg 768w, https:\/\/www.ccba.org.br\/agriculturaurbana\/wp-content\/uploads\/2023\/12\/02_QUINTAIS-PRODUTIVOS_Salete-Amorim-moradora-do-Alto-Jose-do-Pinho-em-Recife-1536x1024.jpg 1536w, https:\/\/www.ccba.org.br\/agriculturaurbana\/wp-content\/uploads\/2023\/12\/02_QUINTAIS-PRODUTIVOS_Salete-Amorim-moradora-do-Alto-Jose-do-Pinho-em-Recife-1140x760.jpg 1140w\" sizes=\"auto, (max-width: 1920px) 100vw, 1920px\" \/><div class=\"wp-block-cover__inner-container is-layout-constrained wp-block-cover-is-layout-constrained\">\n<figure class=\"wp-block-image size-large\"><a href=\"https:\/\/www.ccba.org.br\/agriculturaurbana\/2023\/12\/28\/quintais-produtivos-projeto-vida-saudavel-nos-morros-alto-jose-do-pinho-recife\/\"><img loading=\"lazy\" decoding=\"async\" width=\"1024\" height=\"683\" src=\"https:\/\/www.ccba.org.br\/agriculturaurbana\/wp-content\/uploads\/2023\/12\/02_QUINTAIS-PRODUTIVOS_IMG_4897-1024x683.jpg\" alt=\"\" class=\"wp-image-26\" style=\"aspect-ratio:1;object-fit:cover\" srcset=\"https:\/\/www.ccba.org.br\/agriculturaurbana\/wp-content\/uploads\/2023\/12\/02_QUINTAIS-PRODUTIVOS_IMG_4897-1024x683.jpg 1024w, https:\/\/www.ccba.org.br\/agriculturaurbana\/wp-content\/uploads\/2023\/12\/02_QUINTAIS-PRODUTIVOS_IMG_4897-300x200.jpg 300w, https:\/\/www.ccba.org.br\/agriculturaurbana\/wp-content\/uploads\/2023\/12\/02_QUINTAIS-PRODUTIVOS_IMG_4897-768x512.jpg 768w, https:\/\/www.ccba.org.br\/agriculturaurbana\/wp-content\/uploads\/2023\/12\/02_QUINTAIS-PRODUTIVOS_IMG_4897-1536x1024.jpg 1536w, https:\/\/www.ccba.org.br\/agriculturaurbana\/wp-content\/uploads\/2023\/12\/02_QUINTAIS-PRODUTIVOS_IMG_4897-1140x760.jpg 1140w, https:\/\/www.ccba.org.br\/agriculturaurbana\/wp-content\/uploads\/2023\/12\/02_QUINTAIS-PRODUTIVOS_IMG_4897.jpg 1920w\" sizes=\"auto, (max-width: 1024px) 100vw, 1024px\" \/><\/a><\/figure>\n\n\n\n<h3 class=\"wp-block-heading has-text-align-center has-text-color has-link-color has-large-font-size wp-elements-c93abdf08b5af7620e8433e7b752bbdc\" style=\"color:#4dff77\"><em><a href=\"https:\/\/www.ccba.org.br\/agriculturaurbana\/2023\/12\/28\/quintais-produtivos-projeto-vida-saudavel-nos-morros-alto-jose-do-pinho-recife\/\" data-type=\"link\" data-id=\"https:\/\/www.ccba.org.br\/agriculturaurbana\/2023\/12\/30\/cesam-centro-de-saude-alternativa-de-muribeca-jaboatao-dos-guararapes\/\">QUINTAIS PRODUTIVOS \u2014 PROJETO VIDA SAUD\u00c1VEL NOS MORROS \u2014 SERTA<\/a><\/em><\/h3>\n\n\n\n<p class=\"has-text-align-center has-small-font-size\"><em>RECIFE<\/em><\/p>\n<\/div><\/div>\n\n\n\n<div class=\"wp-block-cover has-custom-content-position is-position-bottom-center\"><span aria-hidden=\"true\" class=\"wp-block-cover__background has-background-dim-90 has-background-dim wp-block-cover__gradient-background has-background-gradient\" style=\"background:linear-gradient(135deg,rgb(108,250,0) 0%,rgb(24,63,32) 48%)\"><\/span><img loading=\"lazy\" decoding=\"async\" width=\"1440\" height=\"960\" class=\"wp-block-cover__image-background wp-image-70\" alt=\"\" src=\"https:\/\/www.ccba.org.br\/agriculturaurbana\/wp-content\/uploads\/2023\/12\/cropped-05_HORTA_MARIELLE_Horta-Marielle-Braco-Forte-Ocupacao-8-de-Marco.jpg\" style=\"object-position:65% 47%\" data-object-fit=\"cover\" data-object-position=\"65% 47%\" srcset=\"https:\/\/www.ccba.org.br\/agriculturaurbana\/wp-content\/uploads\/2023\/12\/cropped-05_HORTA_MARIELLE_Horta-Marielle-Braco-Forte-Ocupacao-8-de-Marco.jpg 1440w, https:\/\/www.ccba.org.br\/agriculturaurbana\/wp-content\/uploads\/2023\/12\/cropped-05_HORTA_MARIELLE_Horta-Marielle-Braco-Forte-Ocupacao-8-de-Marco-300x200.jpg 300w, https:\/\/www.ccba.org.br\/agriculturaurbana\/wp-content\/uploads\/2023\/12\/cropped-05_HORTA_MARIELLE_Horta-Marielle-Braco-Forte-Ocupacao-8-de-Marco-1024x683.jpg 1024w, https:\/\/www.ccba.org.br\/agriculturaurbana\/wp-content\/uploads\/2023\/12\/cropped-05_HORTA_MARIELLE_Horta-Marielle-Braco-Forte-Ocupacao-8-de-Marco-768x512.jpg 768w, https:\/\/www.ccba.org.br\/agriculturaurbana\/wp-content\/uploads\/2023\/12\/cropped-05_HORTA_MARIELLE_Horta-Marielle-Braco-Forte-Ocupacao-8-de-Marco-1140x760.jpg 1140w\" sizes=\"auto, (max-width: 1440px) 100vw, 1440px\" \/><div class=\"wp-block-cover__inner-container is-layout-constrained wp-block-cover-is-layout-constrained\">\n<figure class=\"wp-block-image size-large\"><a href=\"https:\/\/www.ccba.org.br\/agriculturaurbana\/2023\/12\/30\/horta-marielle-braco-forte-ocupacao-8-de-marco-mtst-boa-viagem-recife\/\"><img loading=\"lazy\" decoding=\"async\" width=\"1024\" height=\"683\" src=\"https:\/\/www.ccba.org.br\/agriculturaurbana\/wp-content\/uploads\/2023\/12\/cropped-05_HORTA_MARIELLE_Horta-Marielle-Braco-Forte-Ocupacao-8-de-Marco-1024x683.jpg\" alt=\"\" class=\"wp-image-70\" style=\"aspect-ratio:1;object-fit:cover\" srcset=\"https:\/\/www.ccba.org.br\/agriculturaurbana\/wp-content\/uploads\/2023\/12\/cropped-05_HORTA_MARIELLE_Horta-Marielle-Braco-Forte-Ocupacao-8-de-Marco-1024x683.jpg 1024w, https:\/\/www.ccba.org.br\/agriculturaurbana\/wp-content\/uploads\/2023\/12\/cropped-05_HORTA_MARIELLE_Horta-Marielle-Braco-Forte-Ocupacao-8-de-Marco-300x200.jpg 300w, https:\/\/www.ccba.org.br\/agriculturaurbana\/wp-content\/uploads\/2023\/12\/cropped-05_HORTA_MARIELLE_Horta-Marielle-Braco-Forte-Ocupacao-8-de-Marco-768x512.jpg 768w, https:\/\/www.ccba.org.br\/agriculturaurbana\/wp-content\/uploads\/2023\/12\/cropped-05_HORTA_MARIELLE_Horta-Marielle-Braco-Forte-Ocupacao-8-de-Marco-1140x760.jpg 1140w, https:\/\/www.ccba.org.br\/agriculturaurbana\/wp-content\/uploads\/2023\/12\/cropped-05_HORTA_MARIELLE_Horta-Marielle-Braco-Forte-Ocupacao-8-de-Marco.jpg 1440w\" sizes=\"auto, (max-width: 1024px) 100vw, 1024px\" \/><\/a><\/figure>\n\n\n\n<h3 class=\"wp-block-heading has-text-align-center has-text-color has-link-color has-large-font-size wp-elements-8f5ef0305455b7eb543f5640266fa852\" style=\"color:#4dff77\"><a href=\"https:\/\/www.ccba.org.br\/agriculturaurbana\/2023\/12\/30\/horta-marielle-braco-forte-ocupacao-8-de-marco-mtst-boa-viagem-recife\/\" data-type=\"link\" data-id=\"https:\/\/www.ccba.org.br\/agriculturaurbana\/2023\/12\/30\/horta-marielle-braco-forte-ocupacao-8-de-marco-mtst-boa-viagem-recife\/\"><em>HORTA MARIELLE BRA\u00c7O FORTE \u2013 OCUPA\u00c7\u00c3O 8 DE MAR\u00c7O (MTST) &#8211; SET\u00daBAL<\/em><\/a><\/h3>\n\n\n\n<p class=\"has-text-align-center has-small-font-size\"><em>RECIFE<\/em><\/p>\n<\/div><\/div>\n<\/div>\n\n\n\n<div class=\"wp-block-column is-layout-flow wp-block-column-is-layout-flow\">\n<div class=\"wp-block-cover has-custom-content-position is-position-bottom-center\"><span aria-hidden=\"true\" class=\"wp-block-cover__background has-background-dim-90 has-background-dim wp-block-cover__gradient-background has-background-gradient\" style=\"background:linear-gradient(135deg,rgb(108,250,0) 0%,rgb(24,63,32) 44%)\"><\/span><img loading=\"lazy\" decoding=\"async\" width=\"1920\" height=\"1280\" class=\"wp-block-cover__image-background wp-image-51\" alt=\"\" src=\"https:\/\/www.ccba.org.br\/agriculturaurbana\/wp-content\/uploads\/2023\/12\/03_HORTA_POP_DANDARA_Gabriel-Hirata-tecnico-do-Centro-Sabia.jpg\" style=\"object-position:86% 52%\" data-object-fit=\"cover\" data-object-position=\"86% 52%\" srcset=\"https:\/\/www.ccba.org.br\/agriculturaurbana\/wp-content\/uploads\/2023\/12\/03_HORTA_POP_DANDARA_Gabriel-Hirata-tecnico-do-Centro-Sabia.jpg 1920w, https:\/\/www.ccba.org.br\/agriculturaurbana\/wp-content\/uploads\/2023\/12\/03_HORTA_POP_DANDARA_Gabriel-Hirata-tecnico-do-Centro-Sabia-300x200.jpg 300w, https:\/\/www.ccba.org.br\/agriculturaurbana\/wp-content\/uploads\/2023\/12\/03_HORTA_POP_DANDARA_Gabriel-Hirata-tecnico-do-Centro-Sabia-1024x683.jpg 1024w, https:\/\/www.ccba.org.br\/agriculturaurbana\/wp-content\/uploads\/2023\/12\/03_HORTA_POP_DANDARA_Gabriel-Hirata-tecnico-do-Centro-Sabia-768x512.jpg 768w, https:\/\/www.ccba.org.br\/agriculturaurbana\/wp-content\/uploads\/2023\/12\/03_HORTA_POP_DANDARA_Gabriel-Hirata-tecnico-do-Centro-Sabia-1536x1024.jpg 1536w, https:\/\/www.ccba.org.br\/agriculturaurbana\/wp-content\/uploads\/2023\/12\/03_HORTA_POP_DANDARA_Gabriel-Hirata-tecnico-do-Centro-Sabia-1140x760.jpg 1140w\" sizes=\"auto, (max-width: 1920px) 100vw, 1920px\" \/><div class=\"wp-block-cover__inner-container is-layout-constrained wp-block-cover-is-layout-constrained\">\n<figure class=\"wp-block-image size-large is-style-default\"><a href=\"https:\/\/www.ccba.org.br\/agriculturaurbana\/2023\/12\/30\/horta-popular-agroecologica-dandara-peixinhos-olinda\/\"><img loading=\"lazy\" decoding=\"async\" width=\"1281\" height=\"1280\" src=\"https:\/\/www.ccba.org.br\/agriculturaurbana\/wp-content\/uploads\/2024\/09\/03_HORTA_POP_DANDARA_Gabriel-Hirata-tecnico-do-Centro-Sabia-edited.jpg\" alt=\"\" class=\"wp-image-185\" style=\"aspect-ratio:1;object-fit:cover\" srcset=\"https:\/\/www.ccba.org.br\/agriculturaurbana\/wp-content\/uploads\/2024\/09\/03_HORTA_POP_DANDARA_Gabriel-Hirata-tecnico-do-Centro-Sabia-edited.jpg 1281w, https:\/\/www.ccba.org.br\/agriculturaurbana\/wp-content\/uploads\/2024\/09\/03_HORTA_POP_DANDARA_Gabriel-Hirata-tecnico-do-Centro-Sabia-edited-300x300.jpg 300w, https:\/\/www.ccba.org.br\/agriculturaurbana\/wp-content\/uploads\/2024\/09\/03_HORTA_POP_DANDARA_Gabriel-Hirata-tecnico-do-Centro-Sabia-edited-1024x1024.jpg 1024w, https:\/\/www.ccba.org.br\/agriculturaurbana\/wp-content\/uploads\/2024\/09\/03_HORTA_POP_DANDARA_Gabriel-Hirata-tecnico-do-Centro-Sabia-edited-150x150.jpg 150w, https:\/\/www.ccba.org.br\/agriculturaurbana\/wp-content\/uploads\/2024\/09\/03_HORTA_POP_DANDARA_Gabriel-Hirata-tecnico-do-Centro-Sabia-edited-768x767.jpg 768w, https:\/\/www.ccba.org.br\/agriculturaurbana\/wp-content\/uploads\/2024\/09\/03_HORTA_POP_DANDARA_Gabriel-Hirata-tecnico-do-Centro-Sabia-edited-1140x1139.jpg 1140w\" sizes=\"auto, (max-width: 1281px) 100vw, 1281px\" \/><\/a><\/figure>\n\n\n\n<h3 class=\"wp-block-heading has-text-align-center has-text-color has-link-color has-large-font-size wp-elements-7d1dd31624220e0e2f1ae31c621dd9ce\" style=\"color:#4dff77\"><a href=\"https:\/\/www.ccba.org.br\/agriculturaurbana\/2023\/12\/30\/horta-popular-agroecologica-dandara-peixinhos-olinda\/\"><em>HORTA POPULAR AGROECOL\u00d3GICA DANDARA &#8211; PEIXINHOS<\/em><\/a><\/h3>\n\n\n\n<p class=\"has-text-align-center has-small-font-size\"><em>OLINDA\/RECIFE<\/em><\/p>\n<\/div><\/div>\n<\/div>\n<\/div>\n\n\n<div class=\"wp-block-image\">\n<figure class=\"aligncenter size-large\"><img loading=\"lazy\" decoding=\"async\" width=\"546\" height=\"1024\" src=\"https:\/\/www.ccba.org.br\/agriculturaurbana\/wp-content\/uploads\/2024\/04\/MAPA-2-Agricultura-Urbana-546x1024.jpg\" alt=\"\" class=\"wp-image-156\" srcset=\"https:\/\/www.ccba.org.br\/agriculturaurbana\/wp-content\/uploads\/2024\/04\/MAPA-2-Agricultura-Urbana-546x1024.jpg 546w, https:\/\/www.ccba.org.br\/agriculturaurbana\/wp-content\/uploads\/2024\/04\/MAPA-2-Agricultura-Urbana-160x300.jpg 160w, https:\/\/www.ccba.org.br\/agriculturaurbana\/wp-content\/uploads\/2024\/04\/MAPA-2-Agricultura-Urbana-768x1441.jpg 768w, https:\/\/www.ccba.org.br\/agriculturaurbana\/wp-content\/uploads\/2024\/04\/MAPA-2-Agricultura-Urbana.jpg 800w\" sizes=\"auto, (max-width: 546px) 100vw, 546px\" \/><\/figure>\n<\/div>","protected":false},"excerpt":{"rendered":"<p class=\"post-excerpt\">Diante do estado de crise clim\u00e1tica global, da polui\u00e7\u00e3o, da perda de biodiversidade e da inseguran\u00e7a e precariedade alimentar, o&#8230;<\/p>\n","protected":false},"author":1,"featured_media":0,"parent":0,"menu_order":0,"comment_status":"closed","ping_status":"closed","template":"template-fullwidth.php","meta":{"footnotes":""},"class_list":["post-37","page","type-page","status-publish","hentry"],"_links":{"self":[{"href":"https:\/\/www.ccba.org.br\/agriculturaurbana\/wp-json\/wp\/v2\/pages\/37","targetHints":{"allow":["GET"]}}],"collection":[{"href":"https:\/\/www.ccba.org.br\/agriculturaurbana\/wp-json\/wp\/v2\/pages"}],"about":[{"href":"https:\/\/www.ccba.org.br\/agriculturaurbana\/wp-json\/wp\/v2\/types\/page"}],"author":[{"embeddable":true,"href":"https:\/\/www.ccba.org.br\/agriculturaurbana\/wp-json\/wp\/v2\/users\/1"}],"replies":[{"embeddable":true,"href":"https:\/\/www.ccba.org.br\/agriculturaurbana\/wp-json\/wp\/v2\/comments?post=37"}],"version-history":[{"count":42,"href":"https:\/\/www.ccba.org.br\/agriculturaurbana\/wp-json\/wp\/v2\/pages\/37\/revisions"}],"predecessor-version":[{"id":200,"href":"https:\/\/www.ccba.org.br\/agriculturaurbana\/wp-json\/wp\/v2\/pages\/37\/revisions\/200"}],"wp:attachment":[{"href":"https:\/\/www.ccba.org.br\/agriculturaurbana\/wp-json\/wp\/v2\/media?parent=37"}],"curies":[{"name":"wp","href":"https:\/\/api.w.org\/{rel}","templated":true}]}}