{"id":152,"date":"2024-04-11T14:11:03","date_gmt":"2024-04-11T17:11:03","guid":{"rendered":"https:\/\/www.ccba.org.br\/agriculturaurbana\/?page_id=152"},"modified":"2024-04-11T14:12:18","modified_gmt":"2024-04-11T17:12:18","slug":"ficha-tecnica","status":"publish","type":"page","link":"https:\/\/www.ccba.org.br\/agriculturaurbana\/ficha-tecnica\/","title":{"rendered":"Ficha t\u00e9cnica"},"content":{"rendered":"\n<p><strong>Textos, fotos e v\u00eddeos:<\/strong><br>Marina Mohmood<\/p>\n\n\n\n<p><strong>Design:<\/strong><br>Eduardo Peixoto<\/p>\n\n\n\n<p><strong>Realiza\u00e7\u00e3o e concep\u00e7\u00e3o:<\/strong><br><a href=\"https:\/\/www.ccba.org.br\/\"><strong>Centro Cultural Brasil-Alemanha &#8211; CCBA<br><\/strong><\/a>Christoph Ostendorf<\/p>\n\n\n\n<p><\/p>\n","protected":false},"excerpt":{"rendered":"<p class=\"post-excerpt\">Textos, fotos e v\u00eddeos:Marina Mohmood Design:Eduardo Peixoto Realiza\u00e7\u00e3o e concep\u00e7\u00e3o:Centro Cultural Brasil-Alemanha &#8211; CCBAChristoph Ostendorf<\/p>\n","protected":false},"author":1,"featured_media":0,"parent":0,"menu_order":0,"comment_status":"closed","ping_status":"closed","template":"","meta":{"footnotes":""},"class_list":["post-152","page","type-page","status-publish","hentry"],"_links":{"self":[{"href":"https:\/\/www.ccba.org.br\/agriculturaurbana\/wp-json\/wp\/v2\/pages\/152","targetHints":{"allow":["GET"]}}],"collection":[{"href":"https:\/\/www.ccba.org.br\/agriculturaurbana\/wp-json\/wp\/v2\/pages"}],"about":[{"href":"https:\/\/www.ccba.org.br\/agriculturaurbana\/wp-json\/wp\/v2\/types\/page"}],"author":[{"embeddable":true,"href":"https:\/\/www.ccba.org.br\/agriculturaurbana\/wp-json\/wp\/v2\/users\/1"}],"replies":[{"embeddable":true,"href":"https:\/\/www.ccba.org.br\/agriculturaurbana\/wp-json\/wp\/v2\/comments?post=152"}],"version-history":[{"count":2,"href":"https:\/\/www.ccba.org.br\/agriculturaurbana\/wp-json\/wp\/v2\/pages\/152\/revisions"}],"predecessor-version":[{"id":154,"href":"https:\/\/www.ccba.org.br\/agriculturaurbana\/wp-json\/wp\/v2\/pages\/152\/revisions\/154"}],"wp:attachment":[{"href":"https:\/\/www.ccba.org.br\/agriculturaurbana\/wp-json\/wp\/v2\/media?parent=152"}],"curies":[{"name":"wp","href":"https:\/\/api.w.org\/{rel}","templated":true}]}}